2381680140 a multiple of 420?
True
Is 83358984 a multiple of 140?
False
Does 13 divide 31146024?
True
Does 234 divide 6886386?
True
Is 5762 a factor of 884409709?
False
Is 36737693 a multiple of 17?
False
Does 5 divide 33996367?
False
Is 6249033768 a multiple of 13?
False
Is 16 a factor of 769136?
True
Is 949 a factor of 1914863186?
False
Is 2841878 a multiple of 103?
False
Is 14 a factor of 34543488?
True
Is 2165 a factor of 205783250?
True
Is 66681373 a multiple of 1130?
False
Does 231 divide 968352?
True
Is 1348118462 a multiple of 1864?
False
Is 2743 a factor of 1398674901?
True
Is 11126482 even?
True
Is 4 a factor of 16910451?
False
Is 2591575968 a multiple of 96?
True
Does 1647 divide 80118315?
True
Does 72 divide 39093217?
False
Does 1918 divide 133577332?
False
Is 72623582 a multiple of 7?
False
Is 403949 a multiple of 23?
True
Does 225 divide 86177727?
False
Is 38842216 a multiple of 92?
True
Is 14 a factor of 238205357?
False
Is 276325937 a multiple of 97?
True
Does 13 divide 14392391?
True
Is 232 a factor of 974975634?
False
Is 14 a factor of 27647703?
False
Is 80527681 a multiple of 247?
True
Is 4 a factor of 236814225?
False
Is 70779799 a multiple of 3?
False
Is 2760114822 a multiple of 18?
False
Is 6054 a factor of 139841346?
True
Is 213 a factor of 317496734?
False
Does 17 divide 137297007?
False
Does 159 divide 67654341?
True
Does 616 divide 39501573?
False
Is 2468 a factor of 41252620?
True
Is 111 a factor of 848960500?
False
Does 13 divide 1306440160?
False
Does 68 divide 158783060?
True
Does 32 divide 102875520?
True
Is 3888 a factor of 1104852054?
False
Does 32 divide 2487997?
False
Is 363897619 a multiple of 2332?
False
Is 549648463 a multiple of 6?
False
Is 204164163 a multiple of 15?
False
Is 1605593286 a multiple of 2403?
True
Does 10 divide 61153560?
True
Is 15948351 a multiple of 28?
False
Is 3 a factor of 12742329?
True
Is 587200 a multiple of 400?
True
Is 221111009 a multiple of 1029?
False
Does 147 divide 14031297?
True
Is 46972874 a multiple of 169?
True
Is 200 a factor of 15501800?
True
Is 2465806435 a multiple of 9362?
False
Is 74272582 a multiple of 67?
True
Does 2 divide 39947421?
False
Does 22 divide 272398346?
True
Is 159780964 a multiple of 14?
True
Is 40282695 a multiple of 220?
False
Does 1260 divide 224707140?
True
Does 46 divide 31867139?
False
Is 24691108 a multiple of 52?
True
Is 3 a factor of 3077508?
True
Is 833 a factor of 301261947?
True
Is 102408650 a multiple of 1150?
True
Is 116636040 a multiple of 386?
False
Is 693 a factor of 60383169?
True
Is 360 a factor of 174868200?
True
Is 167 a factor of 13307612?
False
Is 147476453 a multiple of 467?
False
Is 1927933212 a multiple of 204?
True
Is 77 a factor of 11262435?
False
Is 20719111 a multiple of 501?
False
Is 314529232 a multiple of 16?
True
Is 208357296 a multiple of 21?
True
Is 26797414 a multiple of 584?
False
Is 796 a factor of 1981314201?
False
Does 1689 divide 1416954459?
True
Does 39 divide 396902913?
False
Is 13032032 a multiple of 208?
True
Is 220 a factor of 105666561?
False
Does 17 divide 428332?
True
Is 44824101 a multiple of 4?
False
Is 398722721 a multiple of 2379?
False
Is 95789715 a multiple of 194?
False
Is 5 a factor of 449520470?
True
Is 12 a factor of 165472406?
False
Does 1375 divide 525032202?
False
Is 401641857 a multiple of 375?
False
Does 16 divide 124749537?
False
Is 259226317 a multiple of 581?
False
Is 152 a factor of 17682667?
False
Is 76 a factor of 3678546108?
False
Does 380 divide 260741482?
False
Is 10631 a factor of 505769825?
True
Does 33 divide 100683187?
False
Is 44 a factor of 3497428?
True
Is 3241729365 a multiple of 795?
True
Is 499602939 a multiple of 11?
True
Does 1776 divide 136052818?
False
Is 38 a factor of 14911573?
False
Is 22749882 a multiple of 84?
False
Is 173 a factor of 1335944060?
True
Does 247 divide 29762512?
True
Is 1292 a factor of 2956096?
True
Does 5 divide 119408335?
True
Is 4640185 a multiple of 51?
False
Is 20761041 a multiple of 406?
False
Is 20946180 a multiple of 970?
True
Does 24 divide 1173528?
True
Does 305 divide 59554153?
False
Is 126140406 a multiple of 553?
True
Does 1479 divide 3944493?
True
Does 3617 divide 65375334?
False
Does 523 divide 77895620?
True
Is 311 a factor of 137725417?
True
Is 2859587 a multiple of 42?
False
Is 369 a factor of 159711903?
False
Does 109 divide 298043932?
True
Does 19 divide 88520629?
False
Is 861411328 a multiple of 128?
True
Is 654 a factor of 84859423?
False
Does 2814 divide 1121454713?
False
Is 926193 a multiple of 4?
False
Does 2624 divide 432304000?
True
Is 923742 a multiple of 9?
True
Is 6006692 a multiple of 433?
False
Is 58071104 a multiple of 1888?
True
Is 616262 a multiple of 46?
True
Is 26 a factor of 22803872?
True
Does 2973 divide 142310973?
False
Is 197 a factor of 60591539?
False
Is 6691 a factor of 490804923?
True
Is 41368563 a multiple of 729?
True
Is 33508683 a multiple of 9?
True
Is 17 a factor of 3114875487?
False
Is 18557683 a multiple of 302?
False
Is 24798186 a multiple of 405?
False
Does 143 divide 308021647?
False
Does 399 divide 333086397?
True
Does 9519 divide 2623398943?
False
Does 20 divide 16299666?
False
Does 12 divide 66112788?
True
Does 400 divide 288943200?
True
Is 1016 a factor of 106899896?
False
Is 305841767 a multiple of 11?
True
Is 85230582 a multiple of 32?
False
Does 1342 divide 14822390?
True
Is 24736493 a multiple of 2?
False
Does 293 divide 158784904?
True
Is 28960858 a multiple of 333?
False
Does 2 divide 53984294?
True
Is 221 a factor of 401498229?
False
Is 54796830 a multiple of 490?
False
Does 440 divide 4067914840?
True
Is 23 a factor of 78425577?
False
Is 657 a factor of 44438261?
False
Is 568103497 a multiple of 1220?
False
Is 322147356 a multiple of 38?
True
Does 28 divide 978635933?
False
Does 129 divide 68339040?
True
Does 377 divide 192343630?
False
Is 16213377 a multiple of 1977?
True
Is 693 a factor of 1572100992?
True
Does 82 divide 104416504?
True
Does 13 divide 5067947367?
False
Does 3 divide 563756?
False
Does 460 divide 1656854245?
False
Is 76956656 a multiple of 103?
True
Is 9541917 a multiple of 33?
True
Does 21 divide 414361815?
True
Does 1738 divide 236026732?
False
Is 28 a factor of 359000887?
False
Is 739500 a multiple of 6?
True
Does 163 divide 275263153?
True
Is 2191 a factor of 1637662950?
True
Is 109 a factor of 4183529?
True
Does 251 divide 223795692?
False
Does 39 divide 16070730?
True
Does 2625 divide 164209500?
True
Does 131 divide 2258499?
False
Is 1010 a factor of 253222727?
False
Does 424 divide 123054552?
True
Is 264 a factor of 43237072?
False
Is 112042944 a multiple of 416?
True
Does 10 divide 46045475?
False
Is 94 a factor of 95482284?
False
Is 42702181 a multiple of 4?
False
Is 46228639 a multiple of 140?
False
Does 15 divide 11890890?
True
Is 107682054 a multiple of 26?
False
Does 54 divide 140798736?
True
Is 76903700 a multiple of 205?
True
Is 11269310 a multiple of 10?
True
Is 24 a factor of 228352818?
False
Is 944 a factor of 68974304?
True
Is 207 a factor of 60253909?
False
Is 197802728 a multiple of 158?
True
Is 69 a factor of 10778102?
False
Is 104 a factor of 2302888432?
True
Is 118159360 a multiple of 16?
True
Is 360 a factor of 1794829812?
False
Is 858813619 a multiple of 119?
False
Is 1676 a factor of 4686096?
True
Is 5459623 a multiple of 911?
True
Is 69192000 a multiple of 200?
True
Is 260662266 a multiple of 18?
True
Does 43 divide 2015984480?
True
Is 93614319 a multiple of 422?
False
Is 382103281 a multiple of 6?
False
Does 112 divide 11940432?
True
Does 16 divide 138923824?
True
Is 361 a factor of 44133913?
False
Is 43 a factor of 416459816?
True
Is 9 a factor of 1856606?
False
Does 985 divide 286960266?
False
Is 583469973 a multiple of 10?
False
Is 48102928 a multiple of 16?
True
Is 68119776 a multiple of 6?
True
Is 21 a factor of 1627469865?
True
Is 125536 a multiple of 4?
True
Does 1277 divide 745456412?
True
Is 933 a factor of 34143135?
True
Is 214 a factor of 9741167?
False
Is 382045971 a multiple of 87?
True
Does 730 divide 21960590?
True
Is 124327016 a multiple of 88?
True
Is 35221824 a multiple of 272?
True
Does 48 divide 173272433?
False
Is 16216920 a multiple of 2568?
True
Is 72 a factor of 2360520?
True
Is 26 a factor of 71214317